at is -5323330 - 15?
-5323345
In base 8, what is 236061 - 4432?
231427
In base 3, what is 2222011 + 20102220122?
20112212210
In base 11, what is -124a3 + 40?
-12463
In base 8, what is 1574261747 + -4?
1574261743
In base 16, what is -293e - -57d?
-23c1
In base 15, what is 21c5a + -2?
21c58
In base 2, what is -111110 + 110010111011100101000?
110010111011011101010
In base 11, what is 30a1a + -58?
30972
In base 10, what is -2670 + 1091?
-1579
In base 14, what is 18 + -1c0ba83?
-1c0ba69
In base 12, what is -51848 + 406?
-51442
In base 12, what is -2503a4484 - 5?
-2503a4489
In base 10, what is 1345813 + 11?
1345824
In base 7, what is -11 - -50212621?
50212610
In base 4, what is -3223 + 3200232132?
3200222303
In base 12, what is -2192a144 + 2?
-2192a142
In base 13, what is -17901 + 105?
-177c9
In base 15, what is 606 - -188b0?
18eb6
In base 16, what is 367e - -43?
36c1
In base 9, what is -3 + -2571381?
-2571384
In base 4, what is -30212110 - -1101010?
-23111100
In base 6, what is -4554 - 103201?
-112155
In base 14, what is -1b22 + 738d?
566b
In base 10, what is -5 + 128133027?
128133022
In base 7, what is -163203066 + 2?
-163203064
In base 7, what is 363 + -2441245?
-2440552
In base 9, what is 1 - 10335511?
-10335510
In base 2, what is 111 + -10101110100010010011?
-10101110100010001100
In base 12, what is -34b + -b?
-35a
In base 6, what is 232420 - 2354?
230022
In base 9, what is -37377810 - 1?
-37377811
In base 16, what is -306 - -24f65?
24c5f
In base 11, what is 1 + -5101796?
-5101795
In base 3, what is -2 + 20002020011020102?
20002020011020100
In base 2, what is 1100011111001 + 1111101000011001?
10001001100010010
In base 7, what is -1333 + -6051602?
-6053235
In base 11, what is -252 - 1095910?
-1096062
In base 5, what is -1032 - 123334?
-124421
In base 6, what is -4 + 354004414?
354004410
In base 11, what is 21284 + 20684?
41958
In base 12, what is -3 - 3077073?
-3077076
In base 5, what is 3423213420 + -344?
3423213021
In base 2, what is 1111010 + 1001001000110001?
1001001010101011
In base 13, what is -13ac10 + 2c?
-13abb1
In base 2, what is 100010111 + -10010000110011011110?
-10010000101111000111
In base 5, what is -10134331 + -12302?
-10202133
In base 11, what is -97962 - -125?
-97838
In base 5, what is 2303 - -1010442?
1013300
In base 4, what is 21312 - -20221112331?
20221200303
In base 10, what is -7 + -4590193?
-4590200
In base 16, what is -187e - -a60?
-e1e
In base 12, what is 75985 + -2483?
73502
In base 4, what is 30010330 - -1223?
30012213
In base 14, what is 72db - 25c4?
4b17
In base 11, what is 9011311 + 5?
9011316
In base 14, what is 1338b + -215?
13176
In base 13, what is 1 + a591bb?
a591bc
In base 8, what is -5 - -717350716?
717350711
In base 5, what is -410243134 - 42?
-410243231
In base 3, what is -22001 + -100010020221?
-100010112222
In base 16, what is 84d49 - 13?
84d36
In base 12, what is -a66 + -1b78?
-2a22
In base 11, what is 9735 - -230?
9965
In base 6, what is 1 - 34501133?
-34501132
In base 13, what is 3 - 9957397?
-9957394
In base 16, what is 7c3 + -60?
763
In base 15, what is 48dc - -18?
4905
In base 16, what is 35c7bb + -14?
35c7a7
In base 5, what is 1330330 - -10210?
1341040
In base 11, what is 2a890630 - 3?
2a890628
In base 3, what is 10111 - 111201212?
-111121101
In base 8, what is -1 + -603332?
-603333
In base 8, what is 1732 - 32535?
-30603
In base 12, what is -323630 - -1b?
-323611
In base 8, what is 5235 - 100542?
-73305
In base 5, what is -22300304112 - -4?
-22300304103
In base 9, what is -3 + 374082033?
374082030
In base 3, what is -11 + 121212221001220102?
121212221001220021
In base 8, what is -27 + -1205750?
-1205777
In base 16, what is 5 + -2024a5?
-2024a0
In base 15, what is 1ed + 270d?
290b
In base 4, what is 21100012301021 - -11?
21100012301032
In base 12, what is 39b268a2 + -5?
39b26899
In base 7, what is 3 + 153251466?
153251502
In base 11, what is 753 - -58331?
58a84
In base 7, what is -5 - -1133330265?
1133330260
In base 8, what is 62 + 1152313?
1152375
In base 2, what is -111000111001110011010000010 + 0?
-111000111001110011010000010
In base 3, what is 20011210212201 + -2?
20011210212122
In base 12, what is 2584 + -7878?
-52b4
In base 10, what is -12 + 275255?
275243
In base 2, what is 101001100100000111001000 + 1?
101001100100000111001001
In base 9, what is 3425 - -4321?
7746
In base 10, what is -88256 - -62?
-88194
In base 8, what is 10006360 + 231?
10006611
In base 10, what is 65926705 + -4?
65926701
In base 7, what is -1152056133 - 21?
-1152056154
In base 15, what is 70 + -17ba27?
-17b9a7
In base 8, what is -2156 + -3344?
-5522
In base 3, what is -211012012000102 - 111?
-211012012000220
In base 5, what is 331 + -21413110?
-21412224
In base 2, what is 1100111 + -111100111110010?
-111100110001011
In base 5, what is 113402 + 11241122?
11410024
In base 4, what is -10 - 10011300121?
-10011300131
In base 2, what is -101 - 10110001000011010100110?
-10110001000011010101011
In base 14, what is -44030 + -28?
-44058
In base 11, what is -66493aaa2 + 4?
-66493aa99
In base 4, what is -13031111132 + -1?
-13031111133
In base 8, what is 1 + 11610364?
11610365
In base 12, what is -7377 - -289a8?
21631
In base 16, what is c1aaa3 - -6?
c1aaa9
In base 4, what is 100322332223 + 30?
100322332313
In base 3, what is -1011 + 10212020221210?
10212020220122
In base 7, what is 30 - 440252313?
-440252253
In base 16, what is 254 + -b6fb3?
-b6d5f
In base 6, what is 1250553 + -14230?
1232323
In base 15, what is -23eea0 - e?
-23eeae
In base 12, what is -1 - -12ba10?
12ba0b
In base 15, what is -24c6 - -3b56?
1680
In base 3, what is -122 - 1000021110211?
-1000021111110
In base 12, what is -330 + -480390?
-480700
In base 4, what is -3 - 22022212?
-22022221
In base 10, what is 3151 + 538?
3689
In base 3, what is -12 + 2020011121110?
2020011121021
In base 11, what is 1007 + -882a?
-7823
In base 9, what is -6511 - 31432?
-38043
In base 12, what is -1 + 277876?
277875
In base 12, what is -26522 + 23b?
-262a3
In base 8, what is -10014 + -1763?
-11777
In base 5, what is 2344041322112 + 10?
2344041322122
In base 7, what is 4 - -116540435?
116540442
In base 14, what is -dc7 + -374?
-135b
In base 4, what is -311023202321 - 10?
-311023202331
In base 8, what is -1710 - 202041?
-203751
In base 5, what is 321012220 + -1?
321012214
In base 16, what is -3c2a2c69 + 3?
-3c2a2c66
In base 9, what is -8 - -30526572?
30526563
In base 5, what is 3 - -1402414100?
1402414103
In base 8, what is -115263 - 316?
-115601
In base 11, what is -3433590 - -3?
-3433588
In base 14, what is d1b + -daa2b?
-d9b10
In base 10, what is 93 - 74720?
-74627
In base 9, what is -213525 + -4111?
-217636
In base 13, what is 12 + 38126?
38138
In base 13, what is 5b22 + 205?
6027
In base 12, what is 4 - 1090647?
-1090643
In base 9, what is -14211020 - 30?
-14211050
In base 10, what is 3569 + 3482?
7051
In base 16, what is -5c510e6 - 5?
-5c510eb
In base 14, what is 286cc0 - -ba?
286d9a
In base 3, what is -2020210020221222 - 11?
-2020210020222010
In base 12, what is -12537 - -2751?
-b9a6
In base 16, what is 1914d + 46?
19193
In base 10, what is 12899 + 18638?
31537
In base 5, what is 12240044 - -304?
12240403
In base 5, what is -10 + 302330421?
302330411
In base 14, what is -4bb8 + 838?
-4380
In base 12, what is -4 - -508445?
508441
In base 12, what is -3 - 3396a5?
-3396a8
In base 6, what is 324435450 - -1?
324435451
In base 6, what is -552225 - -253?
-551532
In base 10, what is -3 + -268416755?
-268416758
In base 11, what is -77 + -26829?
-268a5
In base 12, what is 4605a71 + 3?
4605a74
In base 11, what is -36a9748 + 5?
-36a9743
In base 2, what is 101101000 - 10001100100111100?
-10001011111010100
In base 13, what is 2581b4 - -36?
25821a
In base 7, what is -331352061 + -5?
-331352066
In base 16, what is -c5 - c8ce?
-c993
In base 5, what is -2222311 - 1111?
-2223422
In base 7, what is 1 - -3014245?
3014246
In base 16, what is 3 - -2ab6e6?
2ab6e9
In base 8, what is 2222714767 + 0?
2222714767
In base 10, what is -41 - -3414915?
3414874
In base 13, what is 60b94a0 - 4?
60b9499
In base 11, what is 3 - -23644997?
2364499a
In base 15, what is 31ed + -12e66?
-ec68
In base 3, what is -101220212002122121 + 22?
-101220212002122022
In base 13, what is 8b + 90c09?
90c97
In base 10, what is -8 -